241
What are the prime factors of 352501960?
2, 5, 29, 37, 43, 191
List the prime factors of 35919903.
3, 2897, 4133
List the prime factors of 691991267.
11, 19, 53, 179, 349
List the prime factors of 405303369.
3, 135101123
List the prime factors of 2439314493.
3, 7, 11, 67, 397
List the prime factors of 418329543.
3, 23, 6062747
What are the prime factors of 400532046?
2, 3, 19, 3513439
What are the prime factors of 4741216544?
2, 89, 271, 6143
List the prime factors of 40738364.
2, 10184591
List the prime factors of 1140869049.
3, 139, 1531, 1787
What are the prime factors of 6956471320?
2, 5, 10301, 16883
List the prime factors of 660929570.
2, 5, 7, 17, 397, 1399
What are the prime factors of 234456173?
7, 3529, 9491
What are the prime factors of 236049422?
2, 7, 193, 199, 439
List the prime factors of 3005619.
3, 89, 11257
List the prime factors of 425598961.
17, 263, 95191
What are the prime factors of 1787469371?
37, 48309983
List the prime factors of 545410905.
3, 5, 13, 41, 68219
List the prime factors of 50527278.
2, 3, 2807071
What are the prime factors of 410389423?
410389423
List the prime factors of 257784368.
2, 23, 53, 13217
List the prime factors of 37501461.
3, 37, 43, 97
List the prime factors of 165062845.
5, 1091, 30259
List the prime factors of 2844178092.
2, 3, 7, 929, 12149
What are the prime factors of 1090170271?
17, 43, 149, 10009
List the prime factors of 91333799.
6329, 14431
List the prime factors of 739629767.
101, 349, 20983
What are the prime factors of 3418867104?
2, 3, 151, 235849
What are the prime factors of 64896040?
2, 5, 11, 83, 1777
What are the prime factors of 677460148?
2, 73, 197, 11777
What are the prime factors of 3304374616?
2, 193, 2140139
List the prime factors of 123288075.
3, 5, 107, 569
What are the prime factors of 215302325?
5, 7, 175757
What are the prime factors of 1264650651?
3, 11, 71, 19991
List the prime factors of 339952666.
2, 1019, 166807
What are the prime factors of 313682715?
3, 5, 491, 14197
List the prime factors of 480619869.
3, 17, 2267, 4157
List the prime factors of 1861320481.
1861320481
List the prime factors of 282277063.
59, 673, 7109
List the prime factors of 23551366.
2, 11775683
List the prime factors of 2331015338.
2, 547, 2130727
What are the prime factors of 67141131?
3, 647, 34591
What are the prime factors of 309012947?
309012947
What are the prime factors of 107968260?
2, 3, 5, 19, 94709
What are the prime factors of 5360220810?
2, 3, 5, 7, 8508287
What are the prime factors of 1716935818?
2, 13, 66035993
List the prime factors of 11295342.
2, 3, 209173
List the prime factors of 45850735.
5, 7, 71, 18451
What are the prime factors of 35973021?
3, 7, 29, 59069
List the prime factors of 76882899.
3, 3251, 7883
What are the prime factors of 1276358?
2, 638179
List the prime factors of 464946719.
17, 1777, 15391
What are the prime factors of 107781618?
2, 3, 7, 2566229
List the prime factors of 1463452467.
3, 1553, 314113
List the prime factors of 712663245.
3, 5, 7, 599, 1259
What are the prime factors of 75764893?
47, 1612019
List the prime factors of 54047629.
54047629
List the prime factors of 306296974.
2, 153148487
List the prime factors of 146810726.
2, 577, 127219
List the prime factors of 172125044.
2, 7, 13, 43, 1571
List the prime factors of 534600818.
2, 267300409
What are the prime factors of 4225037995?
5, 845007599
What are the prime factors of 34358488?
2, 4294811
What are the prime factors of 3209621933?
7, 61, 331, 22709
List the prime factors of 6626016312.
2, 3, 6883, 40111
What are the prime factors of 6094322?
2, 13, 41, 5717
What are the prime factors of 82912501?
7, 11844643
What are the prime factors of 1014905192?
2, 7, 173, 104759
What are the prime factors of 288195612?
2, 3, 23, 1044187
List the prime factors of 218021331.
3, 11, 2437, 2711
List the prime factors of 645902914.
2, 43, 67, 112097
List the prime factors of 449627825.
5, 2879, 6247
List the prime factors of 17367305.
5, 53, 65537
What are the prime factors of 89420415?
3, 5, 7, 851623
What are the prime factors of 8323747?
47, 177101
What are the prime factors of 206103329?
2213, 93133
What are the prime factors of 96986763?
3, 2239, 4813
What are the prime factors of 532990114?
2, 163, 1634939
List the prime factors of 47106149.
19, 2479271
What are the prime factors of 1814343153?
3, 7, 29, 751, 3967
What are the prime factors of 171897405?
3, 5, 449, 25523
What are the prime factors of 933885849?
3, 13, 2531, 9461
List the prime factors of 67417021.
7, 199, 48397
List the prime factors of 235452170.
2, 5, 89, 264553
List the prime factors of 2794481450.
2, 5, 55889629
List the prime factors of 761139614.
2, 6607, 57601
List the prime factors of 65250056.
2, 8156257
What are the prime factors of 1323044692?
2, 97, 241, 14149
What are the prime factors of 160156929?
3, 2243, 23801
List the prime factors of 2371443624.
2, 3, 11, 1171, 2557
What are the prime factors of 4898835875?
5, 29, 1351403
List the prime factors of 162856104.
2, 3, 6785671
What are the prime factors of 3075313849?
2017, 1524697
List the prime factors of 817986320.
2, 5, 10224829
List the prime factors of 1109395913.
1109, 1000357
What are the prime factors of 47011914?
2, 3, 521, 557
What are the prime factors of 4634573008?
2, 13, 859, 25939
List the prime factors of 545960141.
41, 13316101
What are the prime factors of 302674560?
2, 3, 5, 19, 8297
What are the prime factors of 5462311301?
239, 1009, 22651
List the prime factors of 21552409.
31, 695239
List the prime factors of 52869179.
11, 103, 46663
List the prime factors of 43615899.
3, 4846211
List the prime factors of 6881111.
59, 223, 523
What are the prime factors of 736784507?
23, 59, 542951
What are the prime factors of 810062596?
2, 7, 283, 102229
List the prime factors of 70698901.
7, 13, 257, 3023
What are the prime factors of 640847345?
5, 31, 4134499
What are the prime factors of 8403748?
2, 43, 48859
What are the prime factors of 4427304300?
2, 3, 5, 397, 12391
List the prime factors of 1246801032.
2, 3, 5772227
What are the prime factors of 42489705?
3, 5, 617, 4591
List the prime factors of 6062991698.
2, 179, 16935731
What are the prime factors of 257644859?
113, 941, 2423
List the prime factors of 612950820.
2, 3, 5, 41, 101, 2467
List the prime factors of 20464188.
2, 3, 71, 24019
What are the prime factors of 391681584?
2, 3, 7, 388573
List the prime factors of 32289836.
2, 2281, 3539
What are the prime factors of 25590341?
7, 3655763
List the prime factors of 47072934.
2, 3, 839, 1039
List the prime factors of 51961024.
2, 37, 21943
List the prime factors of 9102967033.
17, 1399, 382751
List the prime factors of 1712722345.
5, 251, 1364719
List the prime factors of 17516006.
2, 8758003
List the prime factors of 1246369.
1246369
List the prime factors of 861492532.
2, 139, 1549447
What are the prime factors of 448989542?
2, 29, 157, 49307
List the prime factors of 620668639.
23, 31, 293, 2971
What are the prime factors of 34062921?
3, 47, 80527
List the prime factors of 96748857.
3, 467, 7673
What are the prime factors of 356126164?
2, 41, 167, 13003
What are the prime factors of 1382150109?
3, 23, 79, 227, 1117
What are the prime factors of 37279349?
19, 1962071
List the prime factors of 3059106156.
2, 3, 28325057
List the prime factors of 2654793519.
3, 7, 773, 163543
What are the prime factors of 875061235?
5, 5953, 29399
What are the prime factors of 1569436408?
2, 47, 67, 62299
List the prime factors of 180999959.
7, 25857137
List the prime factors of 262989848.
2, 11, 2988521
List the prime factors of 19644735.
3, 5, 11, 67, 1777
What are the prime factors of 33987824?
2, 13, 163403
List the prime factors of 1320088170.
2, 3, 5, 103, 427213
What are the prime factors of 121778043?
3, 40592681
What are the prime factors of 18292303?
18292303
What are the prime factors of 178991526?
2, 3, 7, 107, 39829
What are the prime factors of 127713809?
17, 61, 107, 1151
List the prime factors of 662588644.
2, 59, 1423, 1973
What are the prime factors of 439489749?
3, 146496583
What are the prime factors of 2001964885?
5, 400392977
What are the prime factors of 492274927?
492274927
What are the prime factors of 53780394?
2, 3, 